{"id":137,"date":"2026-03-26T20:10:30","date_gmt":"2026-03-26T20:10:30","guid":{"rendered":"https:\/\/praeparate.hohenloher-landgockel.de\/?page_id=137"},"modified":"2026-03-29T10:35:35","modified_gmt":"2026-03-29T10:35:35","slug":"hornmistpraeparat-500","status":"publish","type":"page","link":"https:\/\/praeparate.hohenloher-landgockel.de\/index.php\/hornmistpraeparat-500\/","title":{"rendered":"Hornmistpr\u00e4parat 500 &#8211; Der Kraftgebende"},"content":{"rendered":"<div class=\"wpb-content-wrapper\"><p>[vc_row][vc_column width=&#8220;1\/2&#8243;]<div class=\"ult-spacer spacer-69e6467c11158\" data-id=\"69e6467c11158\" data-height=\"\" data-height-mobile=\"\" data-height-tab=\"\" data-height-tab-portrait=\"\" data-height-mobile-landscape=\"\" style=\"clear:both;display:block;\"><\/div>[vc_column_text css=&#8220;&#8220;]<\/p>\n<p style=\"text-align: left;\">Die beiden Feldspritzpr\u00e4parate, Hornmist- und Hornkieselpr\u00e4parat, sensibilisieren den Boden und die Pflanzen f\u00fcr ihre Umgebung. Sie stehen einerseits in einer gewissen Polarit\u00e4t zueinander \u2013 dies zeigt sich in der Herstellung und Aufbewahrung, hinsichtlich der Anwendung sollten sie jedoch als Einheit betrachtet werden, denn ihre Wirkung entfaltet sich erst im Zusammenspiel.<\/p>\n<p>[\/vc_column_text][vc_btn title=&#8220;Mehr Infos zu den Feldspritzpr\u00e4paraten&#8220; color=&#8220;primary&#8220; align=&#8220;left&#8220; css=&#8220;&#8220; link=&#8220;url:https%3A%2F%2Fpraeparate.hohenloher-landgockel.de%2Fwp-content%2Fuploads%2F2026%2F03%2FFeldspritzpraeparate-Hornmist-und-Hornkiesel.pdf|target:_blank&#8220;][\/vc_column][vc_column width=&#8220;1\/2&#8243;][vc_gallery interval=&#8220;3&#8243; images=&#8220;163,164,165,166,130&#8243; img_size=&#8220;large&#8220; css=&#8220;&#8220;][\/vc_column][\/vc_row][vc_row][vc_column width=&#8220;1\/2&#8243;][vc_gallery interval=&#8220;3&#8243; images=&#8220;166,129,134,131,127,128,132,126,125,133&#8243; img_size=&#8220;medium&#8220; onclick=&#8220;custom_link&#8220; custom_links_target=&#8220;_blank&#8220; css=&#8220;&#8220; custom_links=&#8220;#E-8_aHR0cHMlM0ElMkYlMkZwcmFlcGFyYXRlLmhvaGVubG9oZXItbGFuZGdvY2tlbC5kZSUyRmluZGV4LnBocCUyRmhvcm5taXN0cHJhZXBhcmF0LTUwMCUyRiUyQ2h0dHBzJTNBJTJGJTJGcHJhZXBhcmF0ZS5ob2hlbmxvaGVyLWxhbmRnb2NrZWwuZGUlMkZpbmRleC5waHAlMkZob3Jua2llc2VscHJhZXBhcmF0LTUwMSUyRiUyQ2h0dHBzJTNBJTJGJTJGcHJhZXBhcmF0ZS5ob2hlbmxvaGVyLWxhbmRnb2NrZWwuZGUlMkZpbmRleC5waHAlMkZzY2hhZmdhcmJlbnByYWVwYXJhdC01MDIlMkYlMkNodHRwcyUzQSUyRiUyRnByYWVwYXJhdGUuaG9oZW5sb2hlci1sYW5kZ29ja2VsLmRlJTJGaW5kZXgucGhwJTJGa2FtaWxsZW5wcmFlcGFyYXQtNTAzJTJGJTJDaHR0cHMlM0ElMkYlMkZwcmFlcGFyYXRlLmhvaGVubG9oZXItbGFuZGdvY2tlbC5kZSUyRmluZGV4LnBocCUyRmJyZW5ubmVzc2VscHJhZXBhcmF0LTUwNCUyRiUyQ2h0dHBzJTNBJTJGJTJGcHJhZXBhcmF0ZS5ob2hlbmxvaGVyLWxhbmRnb2NrZWwuZGUlMkZpbmRleC5waHAlMkZsb2V3ZW56YWhucHJhZXBhcmF0LTUwNSUyRiUyQ2h0dHBzJTNBJTJGJTJGcHJhZXBhcmF0ZS5ob2hlbmxvaGVyLWxhbmRnb2NrZWwuZGUlMkZpbmRleC5waHAlMkZlaWNoZW5yaW5kZW5wcmFlcGFyYXQtNTA2JTJGJTJDaHR0cHMlM0ElMkYlMkZwcmFlcGFyYXRlLmhvaGVubG9oZXItbGFuZGdvY2tlbC5kZSUyRmluZGV4LnBocCUyRmJhbGRyaWFucHJhZXBhcmF0LTUwNyUyRiUyQ2h0dHBzJTNBJTJGJTJGcHJhZXBhcmF0ZS5ob2hlbmxvaGVyLWxhbmRnb2NrZWwuZGUlMkZpbmRleC5waHAlMkZtYWV1c2RvcmZlci1yb3R0ZWxlbmtlciUyRg==&#8220;][\/vc_column][vc_column width=&#8220;1\/2&#8243;][\/vc_column][\/vc_row]<\/p>\n<\/div>","protected":false},"excerpt":{"rendered":"<p>[vc_row][vc_column width=&#8220;1\/2&#8243;][vc_column_text css=&#8220;&#8220;] Die beiden Feldspritzpr\u00e4parate, Hornmist- und Hornkieselpr\u00e4parat, sensibilisieren den Boden und die Pflanzen f\u00fcr ihre Umgebung. Sie stehen einerseits in einer gewissen Polarit\u00e4t zueinander \u2013 dies zeigt sich in der Herstellung und Aufbewahrung, hinsichtlich der Anwendung sollten sie jedoch als Einheit betrachtet werden, denn ihre Wirkung entfaltet sich erst im Zusammenspiel. [\/vc_column_text][vc_btn title=&#8220;Mehr Infos zu den Feldspritzpr\u00e4paraten&#8220; color=&#8220;primary&#8220; align=&#8220;left&#8220; css=&#8220;&#8220; link=&#8220;url:https%3A%2F%2Fpraeparate.hohenloher-landgockel.de%2Fwp-content%2Fuploads%2F2026%2F03%2FFeldspritzpraeparate-Hornmist-und-Hornkiesel.pdf|target:_blank&#8220;][\/vc_column][vc_column width=&#8220;1\/2&#8243;][vc_gallery interval=&#8220;3&#8243; images=&#8220;163,164,165,166,130&#8243; img_size=&#8220;large&#8220; css=&#8220;&#8220;][\/vc_column][\/vc_row][vc_row][vc_column width=&#8220;1\/2&#8243;][vc_gallery interval=&#8220;3&#8243; images=&#8220;166,129,134,131,127,128,132,126,125,133&#8243; img_size=&#8220;medium&#8220; onclick=&#8220;custom_link&#8220; custom_links_target=&#8220;_blank&#8220; css=&#8220;&#8220; custom_links=&#8220;#E-8_aHR0cHMlM0ElMkYlMkZwcmFlcGFyYXRlLmhvaGVubG9oZXItbGFuZGdvY2tlbC5kZSUyRmluZGV4LnBocCUyRmhvcm5taXN0cHJhZXBhcmF0LTUwMCUyRiUyQ2h0dHBzJTNBJTJGJTJGcHJhZXBhcmF0ZS5ob2hlbmxvaGVyLWxhbmRnb2NrZWwuZGUlMkZpbmRleC5waHAlMkZob3Jua2llc2VscHJhZXBhcmF0LTUwMSUyRiUyQ2h0dHBzJTNBJTJGJTJGcHJhZXBhcmF0ZS5ob2hlbmxvaGVyLWxhbmRnb2NrZWwuZGUlMkZpbmRleC5waHAlMkZzY2hhZmdhcmJlbnByYWVwYXJhdC01MDIlMkYlMkNodHRwcyUzQSUyRiUyRnByYWVwYXJhdGUuaG9oZW5sb2hlci1sYW5kZ29ja2VsLmRlJTJGaW5kZXgucGhwJTJGa2FtaWxsZW5wcmFlcGFyYXQtNTAzJTJGJTJDaHR0cHMlM0ElMkYlMkZwcmFlcGFyYXRlLmhvaGVubG9oZXItbGFuZGdvY2tlbC5kZSUyRmluZGV4LnBocCUyRmJyZW5ubmVzc2VscHJhZXBhcmF0LTUwNCUyRiUyQ2h0dHBzJTNBJTJGJTJGcHJhZXBhcmF0ZS5ob2hlbmxvaGVyLWxhbmRnb2NrZWwuZGUlMkZpbmRleC5waHAlMkZsb2V3ZW56YWhucHJhZXBhcmF0LTUwNSUyRiUyQ2h0dHBzJTNBJTJGJTJGcHJhZXBhcmF0ZS5ob2hlbmxvaGVyLWxhbmRnb2NrZWwuZGUlMkZpbmRleC5waHAlMkZlaWNoZW5yaW5kZW5wcmFlcGFyYXQtNTA2JTJGJTJDaHR0cHMlM0ElMkYlMkZwcmFlcGFyYXRlLmhvaGVubG9oZXItbGFuZGdvY2tlbC5kZSUyRmluZGV4LnBocCUyRmJhbGRyaWFucHJhZXBhcmF0LTUwNyUyRiUyQ2h0dHBzJTNBJTJGJTJGcHJhZXBhcmF0ZS5ob2hlbmxvaGVyLWxhbmRnb2NrZWwuZGUlMkZpbmRleC5waHAlMkZtYWV1c2RvcmZlci1yb3R0ZWxlbmtlciUyRg==&#8220;][\/vc_column][vc_column width=&#8220;1\/2&#8243;][\/vc_column][\/vc_row]<\/p>\n","protected":false},"author":1,"featured_media":0,"parent":0,"menu_order":0,"comment_status":"closed","ping_status":"closed","template":"","meta":{"footnotes":""},"class_list":["post-137","page","type-page","status-publish","hentry"],"_links":{"self":[{"href":"https:\/\/praeparate.hohenloher-landgockel.de\/index.php\/wp-json\/wp\/v2\/pages\/137","targetHints":{"allow":["GET"]}}],"collection":[{"href":"https:\/\/praeparate.hohenloher-landgockel.de\/index.php\/wp-json\/wp\/v2\/pages"}],"about":[{"href":"https:\/\/praeparate.hohenloher-landgockel.de\/index.php\/wp-json\/wp\/v2\/types\/page"}],"author":[{"embeddable":true,"href":"https:\/\/praeparate.hohenloher-landgockel.de\/index.php\/wp-json\/wp\/v2\/users\/1"}],"replies":[{"embeddable":true,"href":"https:\/\/praeparate.hohenloher-landgockel.de\/index.php\/wp-json\/wp\/v2\/comments?post=137"}],"version-history":[{"count":4,"href":"https:\/\/praeparate.hohenloher-landgockel.de\/index.php\/wp-json\/wp\/v2\/pages\/137\/revisions"}],"predecessor-version":[{"id":176,"href":"https:\/\/praeparate.hohenloher-landgockel.de\/index.php\/wp-json\/wp\/v2\/pages\/137\/revisions\/176"}],"wp:attachment":[{"href":"https:\/\/praeparate.hohenloher-landgockel.de\/index.php\/wp-json\/wp\/v2\/media?parent=137"}],"curies":[{"name":"wp","href":"https:\/\/api.w.org\/{rel}","templated":true}]}}