{"id":122,"date":"2026-03-26T16:51:18","date_gmt":"2026-03-26T16:51:18","guid":{"rendered":"https:\/\/praeparate.hohenloher-landgockel.de\/?page_id=122"},"modified":"2026-03-29T14:11:22","modified_gmt":"2026-03-29T14:11:22","slug":"hofgeschichte","status":"publish","type":"page","link":"https:\/\/praeparate.hohenloher-landgockel.de\/index.php\/hofgeschichte\/","title":{"rendered":"Die Historie der Internationalen Pr\u00e4paratezentrale"},"content":{"rendered":"<div class=\"wpb-content-wrapper\"><p>[vc_row][vc_column width=&#8220;1\/2&#8243;][vc_single_image image=&#8220;124&#8243; img_size=&#8220;large&#8220; alignment=&#8220;center&#8220; css=&#8220;&#8220;][\/vc_column][vc_column width=&#8220;1\/2&#8243;][vc_column_text css=&#8220;&#8220;]Dr. Christian von Wistinghausen gilt als Demeter-Pionier. Der Sachverst\u00e4ndige f\u00fcr Landwirtschaft und \u00f6kologischen Land- und Gartenbau baute mit seiner Frau Corinna von Wistinghausen ab 1967 einen Pionierbetrieb mit biologisch-dynamischer Landwirtschaft auf. Die ersten nach biologisch-dynamischen Richtlinien gehaltenen Puten wurden auf dem Brunnenhof in M\u00e4usdorf aufgezogen. Dr. Christian von Wistinghausen war Mitgr\u00fcnder der ersten Putenerzeugergemeinschaft und des entsprechenden Bundesverbandes. Doch dauerte es Jahrzehnte, bis auch vielf\u00e4ltige Aufzuchtfragen \u00f6kologisch gel\u00f6st werden konnten. Der Brunnenhof, inzwischen in der zweiten Generation gef\u00fchrt von Maik Noz und Caroline von Wistinghausen-Noz, erhielt daf\u00fcr 2008 den F\u00f6rderpreis \u00d6kolandbau.[\/vc_column_text][\/vc_column][\/vc_row][vc_row][vc_column][vc_column_text css=&#8220;&#8220;]<\/p>\n<h4 style=\"text-align: center;\">Biodynamische Arbeit in Deutschland<\/h4>\n<p style=\"text-align: center;\">Durch sein Lebenswerk pr\u00e4gte Dr. Christian von Wistinghausen (*05.04.1933 &#8211; \u202020.08.2008) den Aufbau, der biodynamische Landwirtschaft Weltweit mit. So baute er als Gesch\u00e4ftsf\u00fchrer die erste Bio-Erzeugergemeinschaft f\u00fcr Demeter-Felderzeugnisse auf und war als selbst\u00e4ndiger Berater Weltweit unterwegs. Seit 1973 gab er der wachsenden Zahl an Umstellungsbetrieben Hilfestellung durch die Herstellung der Biologisch-Dynamischen Pr\u00e4parate und f\u00fchrte seit 1977 Pr\u00e4parate-Fachkurse f\u00fcr Bauern durch. Als Mitglied im Forschungsring f\u00fcr Biologisch-Dynamische Wirtschaftsweise beteiligte er sich an dessen Weiterentwicklung, entwickelte den M\u00e4usdorfer Rottelenker und mit seinem Bruder Dr. Eckard von Wistinghausen die Mistlagerung auf Hohlsteinen. Er ist Mitverfasser zweier B\u00fccher zur Herstellung bzw. Anwendung der biodynamischen Pr\u00e4parate, die in 15 Sprachen \u00fcbersetzt wurden.<\/p>\n<p>[\/vc_column_text][vc_row_inner][vc_column_inner width=&#8220;1\/2&#8243;][vc_gallery interval=&#8220;3&#8243; images=&#8220;164,129,134,131,127,128,132,125,126,133&#8243; img_size=&#8220;medium&#8220; onclick=&#8220;custom_link&#8220; css=&#8220;&#8220; custom_links=&#8220;#E-8_aHR0cHMlM0ElMkYlMkZwcmFlcGFyYXRlLmhvaGVubG9oZXItbGFuZGdvY2tlbC5kZSUyRmluZGV4LnBocCUyRmhvcm5taXN0cHJhZXBhcmF0LTUwMCUyRiUyQ2h0dHBzJTNBJTJGJTJGcHJhZXBhcmF0ZS5ob2hlbmxvaGVyLWxhbmRnb2NrZWwuZGUlMkZpbmRleC5waHAlMkZob3Jua2llc2VscHJhZXBhcmF0LTUwMSUyRiUyQ2h0dHBzJTNBJTJGJTJGcHJhZXBhcmF0ZS5ob2hlbmxvaGVyLWxhbmRnb2NrZWwuZGUlMkZpbmRleC5waHAlMkZzY2hhZmdhcmJlbnByYWVwYXJhdC01MDIlMkYlMkNodHRwcyUzQSUyRiUyRnByYWVwYXJhdGUuaG9oZW5sb2hlci1sYW5kZ29ja2VsLmRlJTJGaW5kZXgucGhwJTJGa2FtaWxsZW5wcmFlcGFyYXQtNTAzJTJGJTJDaHR0cHMlM0ElMkYlMkZwcmFlcGFyYXRlLmhvaGVubG9oZXItbGFuZGdvY2tlbC5kZSUyRmluZGV4LnBocCUyRmJyZW5ubmVzc2VscHJhZXBhcmF0LTUwNCUyRiUyQ2h0dHBzJTNBJTJGJTJGcHJhZXBhcmF0ZS5ob2hlbmxvaGVyLWxhbmRnb2NrZWwuZGUlMkZpbmRleC5waHAlMkZsb2V3ZW56YWhucHJhZXBhcmF0LTUwNSUyRiUyQ2h0dHBzJTNBJTJGJTJGcHJhZXBhcmF0ZS5ob2hlbmxvaGVyLWxhbmRnb2NrZWwuZGUlMkZpbmRleC5waHAlMkZlaWNoZW5yaW5kZW5wcmFlcGFyYXQtNTA2JTJGJTJDaHR0cHMlM0ElMkYlMkZwcmFlcGFyYXRlLmhvaGVubG9oZXItbGFuZGdvY2tlbC5kZSUyRmluZGV4LnBocCUyRmJhbGRyaWFucHJhZXBhcmF0LTUwNyUyRiUyQ2h0dHBzJTNBJTJGJTJGcHJhZXBhcmF0ZS5ob2hlbmxvaGVyLWxhbmRnb2NrZWwuZGUlMkZpbmRleC5waHAlMkZhY2tlcnNjaGFjaHRlbGhhbG0tNTA4JTJGJTJDaHR0cHMlM0ElMkYlMkZwcmFlcGFyYXRlLmhvaGVubG9oZXItbGFuZGdvY2tlbC5kZSUyRmluZGV4LnBocCUyRm1hZXVzZG9yZmVyLXJvdHRlbGVua2VyJTJG&#8220;][\/vc_column_inner][vc_column_inner width=&#8220;1\/2&#8243;][\/vc_column_inner][\/vc_row_inner][\/vc_column][\/vc_row][vc_row][vc_column][vc_column_text css=&#8220;&#8220;]<\/p>\n<h4 style=\"text-align: center;\">Die Biologisch-Dynamischen Pr\u00e4parate<\/h4>\n<p style=\"text-align: center;\">Die Verwendung der Biologisch-Dynamischen Pr\u00e4parate ist ein besonderes Merkmal der Demeter-Landwirtschaft. Mag insbesondere ihre Herstellung zun\u00e4chst etwas befremdlich wirken \u2013 wer sich auf die Pr\u00e4paratearbeit einl\u00e4sst, ist schnell davon fasziniert! Die Arbeit mit den biodynamischen Pr\u00e4paraten weitet den Blick f\u00fcr die Zusammenh\u00e4nge in der Natur und erlaubt auf neue Weise mit ihren Kr\u00e4ften zu arbeiten. Sie schafft einen Freiraum im landwirtschaftlichen Alltag. Sie ist weniger zus\u00e4tzliche Arbeit, als dass sie erm\u00f6glicht sich auf eine ganz neue wahrnehmende und empfindende Art und Weise mit dem eigenen, individuellen Betriebsorganismus zu verbinden. Mit den Biodynamischen Pr\u00e4paraten wird eine feinstoffliche Ordnung erreicht, deren vielf\u00e4ltige positive Wirkungen auf die Bodenfruchtbarkeit, die Pflanzen- und Tiergesundheit sowie die Nahrungs- und Futtermittelqualit\u00e4t in der Praxis vielfach in Erscheinung tritt.<\/p>\n<p>[\/vc_column_text][\/vc_column][\/vc_row][vc_row][vc_column][vc_column_text css=&#8220;&#8220;]<\/p>\n<h4 style=\"text-align: center;\">Die Wirkweise der Pr\u00e4parate<\/h4>\n<p style=\"text-align: center;\">Biodynamische Pr\u00e4parate sind ein unersetzbarer Grundbestandteil der biologisch-dynamischen T\u00e4tigkeit auf landwirtschaftlichen und g\u00e4rtnerischen Betrieben, um die Ern\u00e4hrungsqualit\u00e4t, f\u00fcr die das gemeinsame Demeter-Warenzeichen steht, zu erlangen. Im \u201eLandwirtschaftlichen Kurs\u201d wurden sie 1924 von Rudolf Steiner, dem Begr\u00fcnder der biologisch-dynamischen Bewegung, beschrieben und empfohlen. Die Pr\u00e4parate f\u00f6rdern das Zusammenwirken von Boden, Pflanze, Tier, Mensch und Kosmos. Hierbei wird nicht die Maximierung des Ertrags als Erfolg angestrebt sondern die Harmonisierung dieses.<\/p>\n<p>[\/vc_column_text][\/vc_column][\/vc_row]<\/p>\n<\/div>","protected":false},"excerpt":{"rendered":"<p>[vc_row][vc_column width=&#8220;1\/2&#8243;][vc_single_image image=&#8220;124&#8243; img_size=&#8220;large&#8220; alignment=&#8220;center&#8220; css=&#8220;&#8220;][\/vc_column][vc_column width=&#8220;1\/2&#8243;][vc_column_text css=&#8220;&#8220;]Dr. Christian von Wistinghausen gilt als Demeter-Pionier. Der Sachverst\u00e4ndige f\u00fcr Landwirtschaft und \u00f6kologischen Land- und Gartenbau baute mit seiner Frau Corinna von Wistinghausen ab 1967 einen Pionierbetrieb mit biologisch-dynamischer Landwirtschaft auf. Die ersten nach biologisch-dynamischen Richtlinien gehaltenen Puten wurden auf dem Brunnenhof in M\u00e4usdorf aufgezogen. Dr. Christian von Wistinghausen war Mitgr\u00fcnder der ersten Putenerzeugergemeinschaft und des entsprechenden Bundesverbandes. Doch dauerte es Jahrzehnte, bis auch vielf\u00e4ltige Aufzuchtfragen \u00f6kologisch gel\u00f6st werden konnten. Der Brunnenhof, inzwischen in der zweiten Generation gef\u00fchrt von Maik Noz und Caroline von Wistinghausen-Noz, erhielt daf\u00fcr 2008 den F\u00f6rderpreis \u00d6kolandbau.[\/vc_column_text][\/vc_column][\/vc_row][vc_row][vc_column][vc_column_text css=&#8220;&#8220;] Biodynamische Arbeit in Deutschland Durch sein Lebenswerk pr\u00e4gte Dr. Christian von Wistinghausen (*05.04.1933 &#8211; \u202020.08.2008) den Aufbau, der biodynamische Landwirtschaft Weltweit mit. So baute er als Gesch\u00e4ftsf\u00fchrer die erste Bio-Erzeugergemeinschaft f\u00fcr Demeter-Felderzeugnisse auf und war als selbst\u00e4ndiger Berater Weltweit unterwegs. Seit 1973 gab er der wachsenden Zahl an Umstellungsbetrieben Hilfestellung durch die Herstellung der Biologisch-Dynamischen Pr\u00e4parate und f\u00fchrte seit 1977 Pr\u00e4parate-Fachkurse f\u00fcr Bauern durch. Als Mitglied im Forschungsring f\u00fcr Biologisch-Dynamische Wirtschaftsweise beteiligte er sich an dessen Weiterentwicklung, entwickelte den M\u00e4usdorfer Rottelenker und mit seinem Bruder Dr. Eckard von Wistinghausen die Mistlagerung auf Hohlsteinen. Er ist Mitverfasser zweier B\u00fccher zur Herstellung bzw. Anwendung der biodynamischen Pr\u00e4parate, die in 15 Sprachen \u00fcbersetzt wurden. [\/vc_column_text][vc_row_inner][vc_column_inner width=&#8220;1\/2&#8243;][vc_gallery interval=&#8220;3&#8243; images=&#8220;164,129,134,131,127,128,132,125,126,133&#8243; img_size=&#8220;medium&#8220; onclick=&#8220;custom_link&#8220; css=&#8220;&#8220; custom_links=&#8220;#E-8_aHR0cHMlM0ElMkYlMkZwcmFlcGFyYXRlLmhvaGVubG9oZXItbGFuZGdvY2tlbC5kZSUyRmluZGV4LnBocCUyRmhvcm5taXN0cHJhZXBhcmF0LTUwMCUyRiUyQ2h0dHBzJTNBJTJGJTJGcHJhZXBhcmF0ZS5ob2hlbmxvaGVyLWxhbmRnb2NrZWwuZGUlMkZpbmRleC5waHAlMkZob3Jua2llc2VscHJhZXBhcmF0LTUwMSUyRiUyQ2h0dHBzJTNBJTJGJTJGcHJhZXBhcmF0ZS5ob2hlbmxvaGVyLWxhbmRnb2NrZWwuZGUlMkZpbmRleC5waHAlMkZzY2hhZmdhcmJlbnByYWVwYXJhdC01MDIlMkYlMkNodHRwcyUzQSUyRiUyRnByYWVwYXJhdGUuaG9oZW5sb2hlci1sYW5kZ29ja2VsLmRlJTJGaW5kZXgucGhwJTJGa2FtaWxsZW5wcmFlcGFyYXQtNTAzJTJGJTJDaHR0cHMlM0ElMkYlMkZwcmFlcGFyYXRlLmhvaGVubG9oZXItbGFuZGdvY2tlbC5kZSUyRmluZGV4LnBocCUyRmJyZW5ubmVzc2VscHJhZXBhcmF0LTUwNCUyRiUyQ2h0dHBzJTNBJTJGJTJGcHJhZXBhcmF0ZS5ob2hlbmxvaGVyLWxhbmRnb2NrZWwuZGUlMkZpbmRleC5waHAlMkZsb2V3ZW56YWhucHJhZXBhcmF0LTUwNSUyRiUyQ2h0dHBzJTNBJTJGJTJGcHJhZXBhcmF0ZS5ob2hlbmxvaGVyLWxhbmRnb2NrZWwuZGUlMkZpbmRleC5waHAlMkZlaWNoZW5yaW5kZW5wcmFlcGFyYXQtNTA2JTJGJTJDaHR0cHMlM0ElMkYlMkZwcmFlcGFyYXRlLmhvaGVubG9oZXItbGFuZGdvY2tlbC5kZSUyRmluZGV4LnBocCUyRmJhbGRyaWFucHJhZXBhcmF0LTUwNyUyRiUyQ2h0dHBzJTNBJTJGJTJGcHJhZXBhcmF0ZS5ob2hlbmxvaGVyLWxhbmRnb2NrZWwuZGUlMkZpbmRleC5waHAlMkZhY2tlcnNjaGFjaHRlbGhhbG0tNTA4JTJGJTJDaHR0cHMlM0ElMkYlMkZwcmFlcGFyYXRlLmhvaGVubG9oZXItbGFuZGdvY2tlbC5kZSUyRmluZGV4LnBocCUyRm1hZXVzZG9yZmVyLXJvdHRlbGVua2VyJTJG&#8220;][\/vc_column_inner][vc_column_inner width=&#8220;1\/2&#8243;][\/vc_column_inner][\/vc_row_inner][\/vc_column][\/vc_row][vc_row][vc_column][vc_column_text css=&#8220;&#8220;] Die Biologisch-Dynamischen Pr\u00e4parate Die Verwendung der Biologisch-Dynamischen Pr\u00e4parate ist ein besonderes Merkmal der Demeter-Landwirtschaft. Mag insbesondere ihre Herstellung zun\u00e4chst etwas befremdlich wirken \u2013 wer sich auf die Pr\u00e4paratearbeit einl\u00e4sst, ist schnell davon fasziniert! Die Arbeit mit den biodynamischen Pr\u00e4paraten weitet den Blick f\u00fcr die Zusammenh\u00e4nge in der Natur und erlaubt auf neue Weise mit ihren Kr\u00e4ften zu arbeiten. Sie schafft einen Freiraum im landwirtschaftlichen Alltag. Sie ist weniger zus\u00e4tzliche Arbeit, als dass sie erm\u00f6glicht sich auf eine ganz neue wahrnehmende und empfindende Art und Weise mit dem eigenen, individuellen Betriebsorganismus zu verbinden. Mit den Biodynamischen Pr\u00e4paraten wird eine feinstoffliche Ordnung erreicht, deren vielf\u00e4ltige positive Wirkungen auf die Bodenfruchtbarkeit, die Pflanzen- und Tiergesundheit sowie die Nahrungs- und Futtermittelqualit\u00e4t in der Praxis vielfach in Erscheinung tritt. [\/vc_column_text][\/vc_column][\/vc_row][vc_row][vc_column][vc_column_text css=&#8220;&#8220;] Die Wirkweise der Pr\u00e4parate Biodynamische Pr\u00e4parate sind ein unersetzbarer Grundbestandteil der biologisch-dynamischen T\u00e4tigkeit auf landwirtschaftlichen und g\u00e4rtnerischen Betrieben, um die Ern\u00e4hrungsqualit\u00e4t, f\u00fcr die das gemeinsame Demeter-Warenzeichen steht, zu erlangen. Im \u201eLandwirtschaftlichen Kurs\u201d wurden sie 1924 von Rudolf Steiner, dem Begr\u00fcnder der biologisch-dynamischen Bewegung, beschrieben und empfohlen. Die Pr\u00e4parate f\u00f6rdern das Zusammenwirken von Boden, Pflanze, Tier, Mensch und Kosmos. Hierbei wird nicht die Maximierung des Ertrags als Erfolg angestrebt sondern die Harmonisierung dieses. [\/vc_column_text][\/vc_column][\/vc_row]<\/p>\n","protected":false},"author":1,"featured_media":0,"parent":0,"menu_order":0,"comment_status":"closed","ping_status":"closed","template":"","meta":{"footnotes":""},"class_list":["post-122","page","type-page","status-publish","hentry"],"_links":{"self":[{"href":"https:\/\/praeparate.hohenloher-landgockel.de\/index.php\/wp-json\/wp\/v2\/pages\/122","targetHints":{"allow":["GET"]}}],"collection":[{"href":"https:\/\/praeparate.hohenloher-landgockel.de\/index.php\/wp-json\/wp\/v2\/pages"}],"about":[{"href":"https:\/\/praeparate.hohenloher-landgockel.de\/index.php\/wp-json\/wp\/v2\/types\/page"}],"author":[{"embeddable":true,"href":"https:\/\/praeparate.hohenloher-landgockel.de\/index.php\/wp-json\/wp\/v2\/users\/1"}],"replies":[{"embeddable":true,"href":"https:\/\/praeparate.hohenloher-landgockel.de\/index.php\/wp-json\/wp\/v2\/comments?post=122"}],"version-history":[{"count":5,"href":"https:\/\/praeparate.hohenloher-landgockel.de\/index.php\/wp-json\/wp\/v2\/pages\/122\/revisions"}],"predecessor-version":[{"id":178,"href":"https:\/\/praeparate.hohenloher-landgockel.de\/index.php\/wp-json\/wp\/v2\/pages\/122\/revisions\/178"}],"wp:attachment":[{"href":"https:\/\/praeparate.hohenloher-landgockel.de\/index.php\/wp-json\/wp\/v2\/media?parent=122"}],"curies":[{"name":"wp","href":"https:\/\/api.w.org\/{rel}","templated":true}]}}